{"id":264,"date":"2016-12-12T22:35:12","date_gmt":"2016-12-12T21:35:12","guid":{"rendered":"http:\/\/www.saint-amand-noyal-chatillon.fr\/?page_id=264"},"modified":"2024-10-30T21:26:00","modified_gmt":"2024-10-30T20:26:00","slug":"eveil-a-la-foi","status":"publish","type":"page","link":"https:\/\/www.saint-amand-noyal-chatillon.fr\/index.php\/eveil-a-la-foi\/","title":{"rendered":"Eveil \u00e0 la foi"},"content":{"rendered":"<p>&nbsp;<\/p>\n<p style=\"font-weight: 400; text-align: center;\">Le projet pastoral se vit \u00e0 l\u2019Ecole Saint AMAND par diff\u00e9rents temps forts.<\/p>\n<p style=\"font-weight: 400; text-align: center;\">Un des 1ers temps forts de l\u2019ann\u00e9e, c\u2019est l\u2019accueil des nouveaux des \u00e9l\u00e8ves et aussi des adultes &nbsp;qui rejoignent notre \u00e9cole \u00e0 la rentr\u00e9e.<\/p>\n<p style=\"font-weight: 400; text-align: center;\">Au cours de l\u2019ann\u00e9e scolaire, nous vivons deux c\u00e9l\u00e9brations lors des diff\u00e9rents temps liturgique. Chaque ann\u00e9e nous varions les th\u00e8mes pour qu\u2019au cours de sa scolarit\u00e9 votre enfant puisse vivre diff\u00e9rentes \u00e9tapes de la vie de J\u00e9sus. Les \u00e9l\u00e8ves du CP au CE2 ont un parcours de culture religieuse \u00e0 l\u2019aide du manuel \u00ab&nbsp;Zou&nbsp;\u00bb et les CM1 et CM2 \u00e0 l\u2019aide du manuel \u00ab&nbsp;Anne et L\u00e9o reporters&nbsp;\u00bb.<\/p>\n<p style=\"font-weight: 400; text-align: center;\">Les \u00e9l\u00e8ves de maternelle vivent la d\u00e9marche plus sp\u00e9cifiquement lors des temps liturgiques de l\u2019Avent et du Car\u00eame et aussi lors d\u2019\u00e9v\u00e8nement tel qu\u2019un bapt\u00eame v\u00e9cu au sein d\u2019une famille.<\/p>\n<p><strong>Coordonn\u00e9es:<\/strong><\/p>\n<p>Cat\u00e9ch\u00e8se &#8211; Paroisses St Armel et St L\u00e9onard<\/p>\n<p>18, place du chanoine Roullin<\/p>\n<p>35 170 BRUZ<\/p>\n<p>02 99 52 58 88<\/p>\n<p>Site web: <a href=\"http:\/\/bruz.catholique.fr\/\">Site web de la paroisse de Bruz<\/a><\/p>\n<p>&nbsp;<\/p>\n<p><strong>Correspondante<\/strong>:<\/p>\n<p>Claire BERTIN<\/p>\n<p><em><u>Jours et horaires de pr\u00e9sence :&nbsp;<\/u><\/em><\/p>\n<p><em>Mardi :&nbsp;<\/em><em>&nbsp; &nbsp; &nbsp;<\/em>&nbsp;08:30-12:30 et 13:15-17:30<\/p>\n<p><em>Jeudi<\/em><em>&nbsp; :<\/em><em>&nbsp; &nbsp; &nbsp; &nbsp; <\/em>08:30-12:00&nbsp;<\/p>\n<p><em>Vendredi :<\/em>&nbsp;08:30-12:00 et 14:00-16:15<\/p>\n<p>&nbsp;<\/p>\n<p><a href=\"https:\/\/rennes.catholique.fr\/\">Site web du Dioc\u00e8se de Rennes<\/a><\/p>\n<p>&nbsp;<\/p>\n\n","protected":false},"excerpt":{"rendered":"<p>&nbsp; Le projet pastoral se vit \u00e0 l\u2019Ecole Saint AMAND par diff\u00e9rents temps forts. Un des 1ers temps forts de l\u2019ann\u00e9e, c\u2019est l\u2019accueil des nouveaux des \u00e9l\u00e8ves et aussi des adultes &nbsp;qui rejoignent notre \u00e9cole \u00e0 la rentr\u00e9e. Au cours &hellip; <a href=\"https:\/\/www.saint-amand-noyal-chatillon.fr\/index.php\/eveil-a-la-foi\/\">Continuer la lecture <span class=\"meta-nav\">&rarr;<\/span><\/a><\/p>\n","protected":false},"author":1,"featured_media":0,"parent":0,"menu_order":0,"comment_status":"closed","ping_status":"closed","template":"","meta":{"ngg_post_thumbnail":0,"footnotes":""},"class_list":["post-264","page","type-page","status-publish","hentry"],"_links":{"self":[{"href":"https:\/\/www.saint-amand-noyal-chatillon.fr\/index.php\/wp-json\/wp\/v2\/pages\/264","targetHints":{"allow":["GET"]}}],"collection":[{"href":"https:\/\/www.saint-amand-noyal-chatillon.fr\/index.php\/wp-json\/wp\/v2\/pages"}],"about":[{"href":"https:\/\/www.saint-amand-noyal-chatillon.fr\/index.php\/wp-json\/wp\/v2\/types\/page"}],"author":[{"embeddable":true,"href":"https:\/\/www.saint-amand-noyal-chatillon.fr\/index.php\/wp-json\/wp\/v2\/users\/1"}],"replies":[{"embeddable":true,"href":"https:\/\/www.saint-amand-noyal-chatillon.fr\/index.php\/wp-json\/wp\/v2\/comments?post=264"}],"version-history":[{"count":10,"href":"https:\/\/www.saint-amand-noyal-chatillon.fr\/index.php\/wp-json\/wp\/v2\/pages\/264\/revisions"}],"predecessor-version":[{"id":2267,"href":"https:\/\/www.saint-amand-noyal-chatillon.fr\/index.php\/wp-json\/wp\/v2\/pages\/264\/revisions\/2267"}],"wp:attachment":[{"href":"https:\/\/www.saint-amand-noyal-chatillon.fr\/index.php\/wp-json\/wp\/v2\/media?parent=264"}],"curies":[{"name":"wp","href":"https:\/\/api.w.org\/{rel}","templated":true}]}}