{"id":2455,"date":"2026-08-31T19:28:06","date_gmt":"2026-08-31T17:28:06","guid":{"rendered":"https:\/\/www.saint-amand-noyal-chatillon.fr\/?page_id=2455"},"modified":"2026-08-31T21:02:06","modified_gmt":"2026-08-31T19:02:06","slug":"trail","status":"publish","type":"page","link":"https:\/\/www.saint-amand-noyal-chatillon.fr\/index.php\/trail\/","title":{"rendered":"TRAIL DES FERMES"},"content":{"rendered":"\n<div class=\"wp-block-media-text is-stacked-on-mobile\" style=\"grid-template-columns:37% auto\"><figure class=\"wp-block-media-text__media\"><img loading=\"lazy\" decoding=\"async\" width=\"192\" height=\"274\" src=\"https:\/\/www.saint-amand-noyal-chatillon.fr\/wp-content\/uploads\/TRAILDESFERMES.jpg\" alt=\"\" class=\"wp-image-2442 size-full\"\/><\/figure><div class=\"wp-block-media-text__content\">\n<p class=\"wp-block-paragraph\">Premi\u00e8re \u00e9dition du trail des fermes organis\u00e9 par l&rsquo;\u00e9cole ! D\u00e9part de la course de <a href=\"https:\/\/www.facebook.com\/people\/La-ferme-des-pr%C3%A9s-verts\/100057076285711\/?__cft__[0]=AZagfJMh8Sj065wYbmpab0-HrmN9quur3wjtkBr4vuQxIdXBCHRgOt4lOcIHS0Vtep-YZHF_5aed0dvOmDEnbXv6Y5dSAra6-RirtkRSi2lqfQsf73Tt79IBVPLlqo0o2IpOPsuKdR6zQHTmBxU2wAr8NYsPfE36YWRRtvFEROnz5zjvUNDad88-_1OBVNsJKXI&amp;__tn__=-]K-R\">La ferme des pr\u00e9s verts<\/a> \u00e0 Noyal Ch\u00e2tillon sur Seiche.<\/p>\n\n\n\n<p>Ambiance sportive et festive, <strong>buvette et restauration rapide 100% bio!<\/strong><\/p>\n\n\n\n<p>Vous avez encore le temps de vous entra\u00eener <img loading=\"lazy\" decoding=\"async\" src=\"https:\/\/static.xx.fbcdn.net\/images\/emoji.php\/v9\/ta9\/1\/16\/1f3c3_200d_2640.png\" alt=\"&#x1f3c3;&#x200d;&#x2640;&#xfe0f;\" width=\"16\" height=\"16\"><img loading=\"lazy\" decoding=\"async\" src=\"https:\/\/static.xx.fbcdn.net\/images\/emoji.php\/v9\/tab\/1\/16\/1f3c3_200d_2642.png\" alt=\"&#x1f3c3;&#x200d;&#x2642;&#xfe0f;\" width=\"16\" height=\"16\">. Nous vous attendons nombreux&nbsp; le<strong> DIMANCHE 20 SEPTEMBRE 2026<\/strong><img loading=\"lazy\" decoding=\"async\" src=\"https:\/\/static.xx.fbcdn.net\/images\/emoji.php\/v9\/t6d\/1\/16\/1f973.png\" alt=\"&#x1f973;\" width=\"16\" height=\"16\"> Inscriptions sur <a href=\"https:\/\/www.klikego.com\/inscription\/trail-des-fermes-2026\/course-a-pied-running\/1769590333622-1\" target=\"_blank\" rel=\"noreferrer noopener\" data-type=\"link\" data-id=\"https:\/\/www.klikego.com\/inscription\/trail-des-fermes-2026\/course-a-pied-running\/1769590333622-1\">KLIKEGO<\/a><\/p>\n<\/div><\/div>\n\n\n\n<p><strong>Derri\u00e8re cet \u00e9v\u00e9nement ?<\/strong> Les parents d&rsquo;\u00e9l\u00e8ves de l&rsquo;\u00e9cole Saint-Amand, mobilis\u00e9s aux c\u00f4t\u00e9s de l&rsquo;association OGEC ! Notre objectif : vous proposer un moment sympa, sportif et convivial, tout en faisant bouger notre commune et en soutenant les projets des enfants de l&rsquo;\u00e9cole.<\/p>\n<p>Vous d\u00e9couvrirez des parcours accessibles, entre sentiers, chemins agricoles, passages au c\u0153ur des exploitations et paysages verdoyants. Les trac\u00e9s ont \u00e9t\u00e9 pens\u00e9s pour allier plaisir de course, d\u00e9couverte du territoire et accessibilit\u00e9 pour tous les niveaux.<\/p>\n<p>Tout au long des parcours, vous traverserez plusieurs fermes locales partenaires, ouvertes exceptionnellement pour l&rsquo;\u00e9v\u00e9nement. Vous pourrez d\u00e9couvrir le monde agricole de proximit\u00e9 dans une ambiance chaleureuse et festive, des d\u00e9gustations de productions locales ponctueront les parcours.<\/p>\n<p>&#x1f37b; <strong>Supporters ou coureurs, l&rsquo;apr\u00e8s-course commence d\u00e8s le d\u00e9part !<\/strong> Retrouvez-nous \u00e0 l&rsquo;espace buvette et restauration pour partager un moment 100 % convivial.<\/p>\n\n\n\n<div class=\"wp-block-media-text is-stacked-on-mobile\" style=\"grid-template-columns:24% auto\"><figure class=\"wp-block-media-text__media\"><a href=\"https:\/\/www.saint-amand-noyal-chatillon.fr\/wp-content\/uploads\/2026-affiche-trail-sponsors-scaled.jpg\" target=\"_blank\" rel=\" noreferrer noopener\"><img loading=\"lazy\" decoding=\"async\" width=\"724\" height=\"1024\" src=\"https:\/\/www.saint-amand-noyal-chatillon.fr\/wp-content\/uploads\/2026-affiche-trail-sponsors-724x1024.jpg\" alt=\"\" class=\"wp-image-2476 size-full\" srcset=\"https:\/\/www.saint-amand-noyal-chatillon.fr\/wp-content\/uploads\/2026-affiche-trail-sponsors-724x1024.jpg 724w, https:\/\/www.saint-amand-noyal-chatillon.fr\/wp-content\/uploads\/2026-affiche-trail-sponsors-212x300.jpg 212w, https:\/\/www.saint-amand-noyal-chatillon.fr\/wp-content\/uploads\/2026-affiche-trail-sponsors-768x1086.jpg 768w, https:\/\/www.saint-amand-noyal-chatillon.fr\/wp-content\/uploads\/2026-affiche-trail-sponsors-1086x1536.jpg 1086w, https:\/\/www.saint-amand-noyal-chatillon.fr\/wp-content\/uploads\/2026-affiche-trail-sponsors-1448x2048.jpg 1448w, https:\/\/www.saint-amand-noyal-chatillon.fr\/wp-content\/uploads\/2026-affiche-trail-sponsors-scaled.jpg 1810w\" sizes=\"auto, (max-width: 724px) 100vw, 724px\" \/><\/a><\/figure><div class=\"wp-block-media-text__content\">\n<p class=\"wp-block-paragraph\">Le parcours traversera plusieurs ferme dont:<\/p>\n\n\n\n<ul class=\"wp-block-list\">\n<li><a href=\"https:\/\/lafermedespresverts.fr\/\" data-type=\"link\" data-id=\"https:\/\/lafermedespresverts.fr\/\" target=\"_blank\" rel=\"noreferrer noopener\">La ferme des pr\u00e9s verts<\/a><\/li>\n\n\n\n<li><a href=\"https:\/\/lafermecrapaudel.bzh\/\" data-type=\"link\" data-id=\"https:\/\/lafermecrapaudel.bzh\/\" target=\"_blank\" rel=\"noreferrer noopener\">Les petites pousses<\/a><\/li>\n\n\n\n<li>GAEC Au Gr\u00e9 des Champs(<a href=\"https:\/\/www.ouest-france.fr\/bretagne\/chantepie-35135\/pres-de-rennes-des-maraichers-bio-sont-installes-a-chantepie-6950746\" data-type=\"link\" data-id=\"https:\/\/www.ouest-france.fr\/bretagne\/chantepie-35135\/pres-de-rennes-des-maraichers-bio-sont-installes-a-chantepie-6950746\" target=\"_blank\" rel=\"noreferrer noopener\">article<\/a>)<\/li>\n\n\n\n<li>Gaec le Perron (<a href=\"https:\/\/www.ouest-france.fr\/bretagne\/rennes-35000\/la-plus-grande-ferme-dille-et-vilaine-sinstalle-a-la-foire-de-rennes-f870957e-e543-11ee-b685-1479f5265e87\" data-type=\"link\" data-id=\"https:\/\/www.ouest-france.fr\/bretagne\/rennes-35000\/la-plus-grande-ferme-dille-et-vilaine-sinstalle-a-la-foire-de-rennes-f870957e-e543-11ee-b685-1479f5265e87\" target=\"_blank\" rel=\"noreferrer noopener\">article<\/a>)<\/li>\n<\/ul>\n<\/div><\/div>\n\n\n\n<figure class=\"wp-block-image size-full is-resized\"><img loading=\"lazy\" decoding=\"async\" width=\"497\" height=\"131\" src=\"https:\/\/www.saint-amand-noyal-chatillon.fr\/wp-content\/uploads\/SponsorsTrail2026.png\" alt=\"\" class=\"wp-image-2479\" style=\"width:670px;height:auto\" srcset=\"https:\/\/www.saint-amand-noyal-chatillon.fr\/wp-content\/uploads\/SponsorsTrail2026.png 497w, https:\/\/www.saint-amand-noyal-chatillon.fr\/wp-content\/uploads\/SponsorsTrail2026-300x79.png 300w\" sizes=\"auto, (max-width: 497px) 100vw, 497px\" \/><\/figure>\n\n\n\n<p class=\"wp-block-paragraph\">On parle de nous:<\/p>\n\n\n\n<p><a href=\"https:\/\/www.ouest-france.fr\/sport\/running\/courses\/trail-des-fermes-1769590333622-1\" target=\"_blank\" rel=\"noopener\" data-type=\"link\" data-id=\"https:\/\/www.ouest-france.fr\/sport\/running\/courses\/trail-des-fermes-1769590333622-1\" data-wplink-edit=\"true\">https:\/\/www.ouest-france.fr\/sport\/running\/courses\/trail-des-fermes-1769590333622-1<\/a><\/p>\n\n\n\n<p class=\"has-text-align-center wp-block-paragraph\"><a href=\"https:\/\/www.facebook.com\/ecolesaintamand35230\/?locale=fr_FR\" target=\"_blank\" rel=\"noreferrer noopener\">https:\/\/www.facebook.com\/ecolesaintamand35230\/?locale=fr_FR<\/a><\/p>\n\n\n\n<p><a title=\"Trail des fermes INSTAGRAM\" href=\"https:\/\/www.instagram.com\/traildesfermes\/\" target=\"_blank\" rel=\"noopener\">https:\/\/www.instagram.com\/traildesfermes\/<\/a><\/p>\n\n\n\n\n\n\n","protected":false},"excerpt":{"rendered":"<p>Derri\u00e8re cet \u00e9v\u00e9nement ? Les parents d&rsquo;\u00e9l\u00e8ves de l&rsquo;\u00e9cole Saint-Amand, mobilis\u00e9s aux c\u00f4t\u00e9s de l&rsquo;association OGEC ! Notre objectif : vous proposer un moment sympa, sportif et convivial, tout en faisant bouger notre commune et en soutenant les projets des &hellip; <a href=\"https:\/\/www.saint-amand-noyal-chatillon.fr\/index.php\/trail\/\">Continuer la lecture <span class=\"meta-nav\">&rarr;<\/span><\/a><\/p>\n","protected":false},"author":1,"featured_media":0,"parent":0,"menu_order":0,"comment_status":"closed","ping_status":"closed","template":"","meta":{"ngg_post_thumbnail":0,"footnotes":""},"class_list":["post-2455","page","type-page","status-publish","hentry"],"_links":{"self":[{"href":"https:\/\/www.saint-amand-noyal-chatillon.fr\/index.php\/wp-json\/wp\/v2\/pages\/2455","targetHints":{"allow":["GET"]}}],"collection":[{"href":"https:\/\/www.saint-amand-noyal-chatillon.fr\/index.php\/wp-json\/wp\/v2\/pages"}],"about":[{"href":"https:\/\/www.saint-amand-noyal-chatillon.fr\/index.php\/wp-json\/wp\/v2\/types\/page"}],"author":[{"embeddable":true,"href":"https:\/\/www.saint-amand-noyal-chatillon.fr\/index.php\/wp-json\/wp\/v2\/users\/1"}],"replies":[{"embeddable":true,"href":"https:\/\/www.saint-amand-noyal-chatillon.fr\/index.php\/wp-json\/wp\/v2\/comments?post=2455"}],"version-history":[{"count":18,"href":"https:\/\/www.saint-amand-noyal-chatillon.fr\/index.php\/wp-json\/wp\/v2\/pages\/2455\/revisions"}],"predecessor-version":[{"id":2481,"href":"https:\/\/www.saint-amand-noyal-chatillon.fr\/index.php\/wp-json\/wp\/v2\/pages\/2455\/revisions\/2481"}],"wp:attachment":[{"href":"https:\/\/www.saint-amand-noyal-chatillon.fr\/index.php\/wp-json\/wp\/v2\/media?parent=2455"}],"curies":[{"name":"wp","href":"https:\/\/api.w.org\/{rel}","templated":true}]}}

<div class="wp-block-media-text is-stacked-on-mobile" style="grid-template-columns:37% auto"><figure class="wp-block-media-text__media"><img loading="lazy" decoding="async" width="192" height="274" src="https://www.saint-amand-noyal-chatillon.fr/wp-content/uploads/TRAILDESFERMES.jpg" alt="" class="wp-image-2442 size-full"/></figure><div class="wp-block-media-text__content">
<p class="wp-block-paragraph">Première édition du trail des fermes organisé par l&rsquo;école ! Départ de la course de <a href="https://www.facebook.com/people/La-ferme-des-pr%C3%A9s-verts/100057076285711/?__cft__[0]=AZagfJMh8Sj065wYbmpab0-HrmN9quur3wjtkBr4vuQxIdXBCHRgOt4lOcIHS0Vtep-YZHF_5aed0dvOmDEnbXv6Y5dSAra6-RirtkRSi2lqfQsf73Tt79IBVPLlqo0o2IpOPsuKdR6zQHTmBxU2wAr8NYsPfE36YWRRtvFEROnz5zjvUNDad88-_1OBVNsJKXI&amp;__tn__=-]K-R">La ferme des prés verts</a> à Noyal Châtillon sur Seiche.</p>



<p>Ambiance sportive et festive, <strong>buvette et restauration rapide 100% bio!</strong></p>



<p>Vous avez encore le temps de vous entraîner <img loading="lazy" decoding="async" src="https://static.xx.fbcdn.net/images/emoji.php/v9/ta9/1/16/1f3c3_200d_2640.png" alt="&#x1f3c3;&#x200d;&#x2640;&#xfe0f;" width="16" height="16"><img loading="lazy" decoding="async" src="https://static.xx.fbcdn.net/images/emoji.php/v9/tab/1/16/1f3c3_200d_2642.png" alt="&#x1f3c3;&#x200d;&#x2642;&#xfe0f;" width="16" height="16">. Nous vous attendons nombreux&nbsp; le<strong> DIMANCHE 20 SEPTEMBRE 2026</strong><img loading="lazy" decoding="async" src="https://static.xx.fbcdn.net/images/emoji.php/v9/t6d/1/16/1f973.png" alt="&#x1f973;" width="16" height="16"> Inscriptions sur <a href="https://www.klikego.com/inscription/trail-des-fermes-2026/course-a-pied-running/1769590333622-1" target="_blank" rel="noreferrer noopener" data-type="link" data-id="https://www.klikego.com/inscription/trail-des-fermes-2026/course-a-pied-running/1769590333622-1">KLIKEGO</a></p>
</div></div>



<p><strong>Derrière cet événement ?</strong> Les parents d&rsquo;élèves de l&rsquo;école Saint-Amand, mobilisés aux côtés de l&rsquo;association OGEC ! Notre objectif : vous proposer un moment sympa, sportif et convivial, tout en faisant bouger notre commune et en soutenant les projets des enfants de l&rsquo;école.</p>
<p>Vous découvrirez des parcours accessibles, entre sentiers, chemins agricoles, passages au cœur des exploitations et paysages verdoyants. Les tracés ont été pensés pour allier plaisir de course, découverte du territoire et accessibilité pour tous les niveaux.</p>
<p>Tout au long des parcours, vous traverserez plusieurs fermes locales partenaires, ouvertes exceptionnellement pour l&rsquo;événement. Vous pourrez découvrir le monde agricole de proximité dans une ambiance chaleureuse et festive, des dégustations de productions locales ponctueront les parcours.</p>
<p>&#x1f37b; <strong>Supporters ou coureurs, l&rsquo;après-course commence dès le départ !</strong> Retrouvez-nous à l&rsquo;espace buvette et restauration pour partager un moment 100 % convivial.</p>



<div class="wp-block-media-text is-stacked-on-mobile" style="grid-template-columns:24% auto"><figure class="wp-block-media-text__media"><a href="https://www.saint-amand-noyal-chatillon.fr/wp-content/uploads/2026-affiche-trail-sponsors-scaled.jpg" target="_blank" rel=" noreferrer noopener"><img loading="lazy" decoding="async" width="724" height="1024" src="https://www.saint-amand-noyal-chatillon.fr/wp-content/uploads/2026-affiche-trail-sponsors-724x1024.jpg" alt="" class="wp-image-2476 size-full" srcset="https://www.saint-amand-noyal-chatillon.fr/wp-content/uploads/2026-affiche-trail-sponsors-724x1024.jpg 724w, https://www.saint-amand-noyal-chatillon.fr/wp-content/uploads/2026-affiche-trail-sponsors-212x300.jpg 212w, https://www.saint-amand-noyal-chatillon.fr/wp-content/uploads/2026-affiche-trail-sponsors-768x1086.jpg 768w, https://www.saint-amand-noyal-chatillon.fr/wp-content/uploads/2026-affiche-trail-sponsors-1086x1536.jpg 1086w, https://www.saint-amand-noyal-chatillon.fr/wp-content/uploads/2026-affiche-trail-sponsors-1448x2048.jpg 1448w, https://www.saint-amand-noyal-chatillon.fr/wp-content/uploads/2026-affiche-trail-sponsors-scaled.jpg 1810w" sizes="auto, (max-width: 724px) 100vw, 724px" /></a></figure><div class="wp-block-media-text__content">
<p class="wp-block-paragraph">Le parcours traversera plusieurs ferme dont:</p>



<ul class="wp-block-list">
<li><a href="https://lafermedespresverts.fr/" data-type="link" data-id="https://lafermedespresverts.fr/" target="_blank" rel="noreferrer noopener">La ferme des prés verts</a></li>



<li><a href="https://lafermecrapaudel.bzh/" data-type="link" data-id="https://lafermecrapaudel.bzh/" target="_blank" rel="noreferrer noopener">Les petites pousses</a></li>



<li>GAEC Au Gré des Champs(<a href="https://www.ouest-france.fr/bretagne/chantepie-35135/pres-de-rennes-des-maraichers-bio-sont-installes-a-chantepie-6950746" data-type="link" data-id="https://www.ouest-france.fr/bretagne/chantepie-35135/pres-de-rennes-des-maraichers-bio-sont-installes-a-chantepie-6950746" target="_blank" rel="noreferrer noopener">article</a>)</li>



<li>Gaec le Perron (<a href="https://www.ouest-france.fr/bretagne/rennes-35000/la-plus-grande-ferme-dille-et-vilaine-sinstalle-a-la-foire-de-rennes-f870957e-e543-11ee-b685-1479f5265e87" data-type="link" data-id="https://www.ouest-france.fr/bretagne/rennes-35000/la-plus-grande-ferme-dille-et-vilaine-sinstalle-a-la-foire-de-rennes-f870957e-e543-11ee-b685-1479f5265e87" target="_blank" rel="noreferrer noopener">article</a>)</li>
</ul>
</div></div>



<figure class="wp-block-image size-full is-resized"><img loading="lazy" decoding="async" width="497" height="131" src="https://www.saint-amand-noyal-chatillon.fr/wp-content/uploads/SponsorsTrail2026.png" alt="" class="wp-image-2479" style="width:670px;height:auto" srcset="https://www.saint-amand-noyal-chatillon.fr/wp-content/uploads/SponsorsTrail2026.png 497w, https://www.saint-amand-noyal-chatillon.fr/wp-content/uploads/SponsorsTrail2026-300x79.png 300w" sizes="auto, (max-width: 497px) 100vw, 497px" /></figure>



<p class="wp-block-paragraph">On parle de nous:</p>



<p><a href="https://www.ouest-france.fr/sport/running/courses/trail-des-fermes-1769590333622-1" target="_blank" rel="noopener" data-type="link" data-id="https://www.ouest-france.fr/sport/running/courses/trail-des-fermes-1769590333622-1" data-wplink-edit="true">https://www.ouest-france.fr/sport/running/courses/trail-des-fermes-1769590333622-1</a></p>



<p class="has-text-align-center wp-block-paragraph"><a href="https://www.facebook.com/ecolesaintamand35230/?locale=fr_FR" target="_blank" rel="noreferrer noopener">https://www.facebook.com/ecolesaintamand35230/?locale=fr_FR</a></p>



<p><a title="Trail des fermes INSTAGRAM" href="https://www.instagram.com/traildesfermes/" target="_blank" rel="noopener">https://www.instagram.com/traildesfermes/</a></p>

<p>Derrière cet événement ? Les parents d&rsquo;élèves de l&rsquo;école Saint-Amand, mobilisés aux côtés de l&rsquo;association OGEC ! Notre objectif : vous proposer un moment sympa, sportif et convivial, tout en faisant bouger notre commune et en soutenant les projets des &hellip; <a href="https://www.saint-amand-noyal-chatillon.fr/index.php/trail/">Continuer la lecture <span class="meta-nav">&rarr;</span></a></p>
