{"id":226,"date":"2016-12-09T22:42:36","date_gmt":"2016-12-09T21:42:36","guid":{"rendered":"http:\/\/www.saint-amand-noyal-chatillon.fr\/?page_id=226"},"modified":"2023-12-19T23:02:02","modified_gmt":"2023-12-19T22:02:02","slug":"nos-coordonnees","status":"publish","type":"page","link":"https:\/\/www.saint-amand-noyal-chatillon.fr\/index.php\/nos-coordonnees\/","title":{"rendered":"Nos coordonn\u00e9es"},"content":{"rendered":"\n<h2>&nbsp;<\/h2>\n<h2 style=\"text-align: left;\"><strong>Ecole Saint Amand<img loading=\"lazy\" decoding=\"async\" class=\"alignright\" src=\"https:\/\/www.biomonde.fr\/userfiles\/Fotolia_67414234_XS.jpg\" alt=\"Nous contacter\" width=\"199\" height=\"198\"><\/strong><\/h2>\n<p style=\"text-align: left;\">3 rue Fran\u00e7ois Chapin<br>35230 Noyal-Chatillon-sur-Seiche<br>T\u00e9l\u00e9phone: 02 99 52 36 96<br><a href=\"mailto:eco35.st-amand.noyal-chatillon@enseignement-catholique.bzh\">Email<\/a><\/p>\n<p style=\"text-align: left;\">Responsable d&rsquo;\u00e9tablissement: <strong>Mme Marie-Dominique DAVENEL <\/strong>(En d\u00e9charge de direction le Mardi)<\/p>\n<p style=\"text-align: center;\">Nous trouver:<\/p>\n<h6 style=\"text-align: center;\">[wpgmza id=\u00a0\u00bb1&Prime;]<\/h6>\n<p><img loading=\"lazy\" decoding=\"async\" class=\"size-medium wp-image-7 aligncenter\" src=\"https:\/\/www.saint-amand-noyal-chatillon.fr\/wp-content\/uploads\/2016\/10\/IMG_5320_1-300x200.jpg\" alt=\"\" width=\"300\" height=\"200\" srcset=\"https:\/\/www.saint-amand-noyal-chatillon.fr\/wp-content\/uploads\/2016\/10\/IMG_5320_1-300x200.jpg 300w, https:\/\/www.saint-amand-noyal-chatillon.fr\/wp-content\/uploads\/2016\/10\/IMG_5320_1-768x512.jpg 768w, https:\/\/www.saint-amand-noyal-chatillon.fr\/wp-content\/uploads\/2016\/10\/IMG_5320_1.jpg 800w\" sizes=\"auto, (max-width: 300px) 100vw, 300px\" \/><\/p>\n","protected":false},"excerpt":{"rendered":"<p>&nbsp; Ecole Saint Amand 3 rue Fran\u00e7ois Chapin35230 Noyal-Chatillon-sur-SeicheT\u00e9l\u00e9phone: 02 99 52 36 96Email Responsable d&rsquo;\u00e9tablissement: Mme Marie-Dominique DAVENEL (En d\u00e9charge de direction le Mardi) Nous trouver: [wpgmza id=\u00a0\u00bb1&Prime;]<\/p>\n","protected":false},"author":1,"featured_media":0,"parent":0,"menu_order":0,"comment_status":"closed","ping_status":"closed","template":"","meta":{"ngg_post_thumbnail":0,"footnotes":""},"class_list":["post-226","page","type-page","status-publish","hentry"],"_links":{"self":[{"href":"https:\/\/www.saint-amand-noyal-chatillon.fr\/index.php\/wp-json\/wp\/v2\/pages\/226","targetHints":{"allow":["GET"]}}],"collection":[{"href":"https:\/\/www.saint-amand-noyal-chatillon.fr\/index.php\/wp-json\/wp\/v2\/pages"}],"about":[{"href":"https:\/\/www.saint-amand-noyal-chatillon.fr\/index.php\/wp-json\/wp\/v2\/types\/page"}],"author":[{"embeddable":true,"href":"https:\/\/www.saint-amand-noyal-chatillon.fr\/index.php\/wp-json\/wp\/v2\/users\/1"}],"replies":[{"embeddable":true,"href":"https:\/\/www.saint-amand-noyal-chatillon.fr\/index.php\/wp-json\/wp\/v2\/comments?post=226"}],"version-history":[{"count":7,"href":"https:\/\/www.saint-amand-noyal-chatillon.fr\/index.php\/wp-json\/wp\/v2\/pages\/226\/revisions"}],"predecessor-version":[{"id":1878,"href":"https:\/\/www.saint-amand-noyal-chatillon.fr\/index.php\/wp-json\/wp\/v2\/pages\/226\/revisions\/1878"}],"wp:attachment":[{"href":"https:\/\/www.saint-amand-noyal-chatillon.fr\/index.php\/wp-json\/wp\/v2\/media?parent=226"}],"curies":[{"name":"wp","href":"https:\/\/api.w.org\/{rel}","templated":true}]}}

Nos coordonnées

<h2>&nbsp;</h2>
<h2 style="text-align: left;"><strong>Ecole Saint Amand<img loading="lazy" decoding="async" class="alignright" src="https://www.biomonde.fr/userfiles/Fotolia_67414234_XS.jpg" alt="Nous contacter" width="199" height="198"></strong></h2>
<p style="text-align: left;">3 rue François Chapin<br>35230 Noyal-Chatillon-sur-Seiche<br>Téléphone: 02 99 52 36 96<br><a href="mailto:eco35.st-amand.noyal-chatillon@enseignement-catholique.bzh">Email</a></p>
<p style="text-align: left;">Responsable d&rsquo;établissement: <strong>Mme Marie-Dominique DAVENEL </strong>(En décharge de direction le Mardi)</p>
<p style="text-align: center;">Nous trouver:</p>
<h6 style="text-align: center;">[wpgmza id= »1&Prime;]</h6>
<p><img loading="lazy" decoding="async" class="size-medium wp-image-7 aligncenter" src="https://www.saint-amand-noyal-chatillon.fr/wp-content/uploads/2016/10/IMG_5320_1-300x200.jpg" alt="" width="300" height="200" srcset="https://www.saint-amand-noyal-chatillon.fr/wp-content/uploads/2016/10/IMG_5320_1-300x200.jpg 300w, https://www.saint-amand-noyal-chatillon.fr/wp-content/uploads/2016/10/IMG_5320_1-768x512.jpg 768w, https://www.saint-amand-noyal-chatillon.fr/wp-content/uploads/2016/10/IMG_5320_1.jpg 800w" sizes="auto, (max-width: 300px) 100vw, 300px" /></p>

<p>&nbsp; Ecole Saint Amand 3 rue François Chapin35230 Noyal-Chatillon-sur-SeicheTéléphone: 02 99 52 36 96Email Responsable d&rsquo;établissement: Mme Marie-Dominique DAVENEL (En décharge de direction le Mardi) Nous trouver: [wpgmza id= »1&Prime;]</p>
