{"id":203,"date":"2016-12-04T23:35:24","date_gmt":"2016-12-04T22:35:24","guid":{"rendered":"http:\/\/www.saint-amand-noyal-chatillon.fr\/?page_id=203"},"modified":"2025-05-12T18:44:19","modified_gmt":"2025-05-12T16:44:19","slug":"soiree-a-theme","status":"publish","type":"page","link":"https:\/\/www.saint-amand-noyal-chatillon.fr\/index.php\/soiree-a-theme\/","title":{"rendered":"Soir\u00e9e musicale"},"content":{"rendered":"\n<figure class=\"wp-block-image size-full\"><img loading=\"lazy\" decoding=\"async\" width=\"800\" height=\"295\" src=\"https:\/\/www.saint-amand-noyal-chatillon.fr\/wp-content\/uploads\/Affiche.jpg\" alt=\"\" class=\"wp-image-2120\" srcset=\"https:\/\/www.saint-amand-noyal-chatillon.fr\/wp-content\/uploads\/Affiche.jpg 800w, https:\/\/www.saint-amand-noyal-chatillon.fr\/wp-content\/uploads\/Affiche-300x111.jpg 300w, https:\/\/www.saint-amand-noyal-chatillon.fr\/wp-content\/uploads\/Affiche-768x283.jpg 768w\" sizes=\"auto, (max-width: 800px) 100vw, 800px\" \/><\/figure>\n\n\n\n<h1 style=\"text-align: center;\"><span style=\"color: #ff0000;\"><strong>CONCERT en PLEIN AIR<\/strong><\/span><\/h1>\n<h2 style=\"text-align: center;\"><strong>Le Samedi 17 mai 2025 \u00e0 partir de 17h<\/strong><\/h2>\n<h3 style=\"text-align: center;\">derri\u00e8re l\u2019espace Jeunes AZIMUT (rue Xavier Grall)<\/h3>\n<h2 style=\"text-align: center;\"><strong>Reprises de Hits Rock et Pop Rock <\/strong>avec<\/h2>\n\n\n<div class=\"wp-block-image\">\n<figure class=\"aligncenter size-large is-resized\"><a href=\"https:\/\/www.facebook.com\/pempsofficiel\/\" target=\"_blank\" rel=\" noreferrer noopener\"><img loading=\"lazy\" decoding=\"async\" width=\"1024\" height=\"353\" src=\"https:\/\/www.saint-amand-noyal-chatillon.fr\/wp-content\/uploads\/Logo-Pemps_noir-1024x353.png\" alt=\"\" class=\"wp-image-2312\" style=\"width:415px;height:auto\" srcset=\"https:\/\/www.saint-amand-noyal-chatillon.fr\/wp-content\/uploads\/Logo-Pemps_noir-1024x353.png 1024w, https:\/\/www.saint-amand-noyal-chatillon.fr\/wp-content\/uploads\/Logo-Pemps_noir-300x104.png 300w, https:\/\/www.saint-amand-noyal-chatillon.fr\/wp-content\/uploads\/Logo-Pemps_noir-768x265.png 768w, https:\/\/www.saint-amand-noyal-chatillon.fr\/wp-content\/uploads\/Logo-Pemps_noir-1536x530.png 1536w, https:\/\/www.saint-amand-noyal-chatillon.fr\/wp-content\/uploads\/Logo-Pemps_noir-2048x707.png 2048w\" sizes=\"auto, (max-width: 1024px) 100vw, 1024px\" \/><\/a><\/figure>\n<\/div>\n\n\n<div class=\"wp-block-columns is-layout-flex wp-container-core-columns-is-layout-9d6595d7 wp-block-columns-is-layout-flex\">\n<div class=\"wp-block-column is-layout-flow wp-block-column-is-layout-flow\">\n<figure class=\"wp-block-image size-full\"><a href=\"https:\/\/www.saint-amand-noyal-chatillon.fr\/index.php\/groupe-pemps\/\" target=\"_blank\" rel=\"noreferrer noopener\"><img loading=\"lazy\" decoding=\"async\" width=\"694\" height=\"483\" src=\"https:\/\/www.saint-amand-noyal-chatillon.fr\/wp-content\/uploads\/PEMPS-2.jpg\" alt=\"\" class=\"wp-image-2104\" srcset=\"https:\/\/www.saint-amand-noyal-chatillon.fr\/wp-content\/uploads\/PEMPS-2.jpg 694w, https:\/\/www.saint-amand-noyal-chatillon.fr\/wp-content\/uploads\/PEMPS-2-300x209.jpg 300w\" sizes=\"auto, (max-width: 694px) 100vw, 694px\" \/><\/a><\/figure>\n<\/div>\n<\/div>\n\n\n<div class=\"wp-block-image\">\n<figure class=\"aligncenter size-full is-resized\"><a href=\"https:\/\/www.saint-amand-noyal-chatillon.fr\/wp-content\/uploads\/2025_-AFFICHE_CONCERT_-PEMPS-1-scaled.png\" target=\"_blank\" rel=\" noreferrer noopener\"><img decoding=\"async\" src=\"https:\/\/www.saint-amand-noyal-chatillon.fr\/wp-content\/uploads\/2025_-AFFICHE_CONCERT_-PEMPS.png\" alt=\"\" class=\"wp-image-2325\" style=\"width:349px;height:auto\"\/><\/a><\/figure>\n<\/div>\n\n<h2 style=\"text-align: center;\"><span style=\"color: #ff0000;\"><strong>PROGRAMMATION du Samedi 17 mai 2025<em><img loading=\"lazy\" decoding=\"async\" class=\"aligncenter size-thumbnail wp-image-2325\" src=\"https:\/\/www.saint-amand-noyal-chatillon.fr\/wp-content\/uploads\/2025_-AFFICHE_CONCERT_-PEMPS.png\" alt=\"\" width=\"1\" height=\"1\"><\/em><\/strong><\/span><a href=\"https:\/\/www.saint-amand-noyal-chatillon.fr\/wp-content\/uploads\/2025_-AFFICHE_CONCERT_-PEMPS.png\"><img loading=\"lazy\" decoding=\"async\" class=\"aligncenter size-thumbnail wp-image-2325\" src=\"https:\/\/www.saint-amand-noyal-chatillon.fr\/wp-content\/uploads\/2025_-AFFICHE_CONCERT_-PEMPS.png\" alt=\"\" width=\"1\" height=\"1\"><\/a><\/h2>\n\n\n<div class=\"wp-block-columns is-layout-flex wp-container-core-columns-is-layout-9d6595d7 wp-block-columns-is-layout-flex\">\n<div class=\"wp-block-column is-layout-flow wp-block-column-is-layout-flow\" style=\"flex-basis:66.66%\">\n<figure class=\"wp-block-table\"><table><tbody><tr><td>A <em>partir de<\/em><strong> 17h : D\u00e9marrage de la soir\u00e9e<br>Lancement des diff\u00e9rents ateliers : ch\u00e2teau gonflable \/ maquillage \/ p\u00eache \u00e0 la ligne \/&nbsp;Jeu \u00ab La Roue des risques domestiques \u00bb (pompiers solidaires)<\/strong><\/td><td>\ufeff<\/td><\/tr><tr><td><strong>18h30 : Initiations Danse Tahitienne<\/strong> avec<strong> <a href=\"http:\/\/tahitienfrance.free.fr\/associations\/assosculturelles\/vaima_ori.htm\" target=\"_blank\" rel=\"noreferrer noopener\">Vaima Ori<\/a><\/strong><em>(inscription sur le stand)<\/em><\/td><td>\ufeff<\/td><\/tr><tr><td><strong>19h : D\u00e9monstration de combat sportif au sabre laser (<a href=\"https:\/\/forceacademyrennes.com\/\" data-type=\"link\" data-id=\"https:\/\/forceacademyrennes.com\/\" target=\"_blank\" rel=\"noreferrer noopener\">force academy rennes<\/a>)<\/strong><\/td><td>\ufeff<\/td><\/tr><tr><td><strong>19h45 &#8211; 21h : <a href=\"https:\/\/www.facebook.com\/pempsofficiel\/\" data-type=\"link\" data-id=\"https:\/\/www.facebook.com\/pempsofficiel\/\" target=\"_blank\" rel=\"noreferrer noopener\">Concert Pemp&rsquo;s<\/a><\/strong><\/td><td>\ufeff<\/td><\/tr><tr><td><strong>21h&nbsp;: D\u00e9monstration de danse tahitienne (<a href=\"http:\/\/tahitienfrance.free.fr\/associations\/assosculturelles\/vaima_ori.htm\" data-type=\"link\" data-id=\"http:\/\/tahitienfrance.free.fr\/associations\/assosculturelles\/vaima_ori.htm\">Va\u00efma Ori<\/a>)<\/strong><\/td><td>\ufeff<\/td><\/tr><tr><td><strong>21h15 : <strong>D\u00e9monstration de combat sportif au sabre laser (<a href=\"https:\/\/forceacademyrennes.com\/\" data-type=\"link\" data-id=\"https:\/\/forceacademyrennes.com\/\" target=\"_blank\" rel=\"noreferrer noopener\">force academy rennes<\/a>)<\/strong><\/strong><\/td><td>\ufeff<\/td><\/tr><tr><td><strong>21h30 \u2013 22h30 : <a href=\"https:\/\/www.facebook.com\/pempsofficiel\/\" data-type=\"link\" data-id=\"https:\/\/www.facebook.com\/pempsofficiel\/\" target=\"_blank\" rel=\"noreferrer noopener\">Concert Pemp&rsquo;s<\/a><\/strong><\/td><td>\ufeff<\/td><\/tr><tr><td><strong>22h30 23h30: DJ DAWEN<\/strong><\/td><\/tr><\/tbody><\/table><\/figure>\n<\/div>\n\n\n\n<div class=\"wp-block-column is-layout-flow wp-block-column-is-layout-flow\" style=\"flex-basis:33.33%\">\n<figure class=\"wp-block-image size-full\"><a href=\"https:\/\/www.saint-amand-noyal-chatillon.fr\/wp-content\/uploads\/VID-20240413-WA00001.mp4\" target=\"_blank\" rel=\"noreferrer noopener\"><img loading=\"lazy\" decoding=\"async\" width=\"244\" height=\"461\" src=\"https:\/\/www.saint-amand-noyal-chatillon.fr\/wp-content\/uploads\/danse.png\" alt=\"\" class=\"wp-image-2113\" srcset=\"https:\/\/www.saint-amand-noyal-chatillon.fr\/wp-content\/uploads\/danse.png 244w, https:\/\/www.saint-amand-noyal-chatillon.fr\/wp-content\/uploads\/danse-159x300.png 159w\" sizes=\"auto, (max-width: 244px) 100vw, 244px\" \/><\/a><\/figure>\n\n\n\n<figure class=\"wp-block-video\"><video height=\"480\" style=\"aspect-ratio: 848 \/ 480;\" width=\"848\" controls src=\"https:\/\/www.saint-amand-noyal-chatillon.fr\/wp-content\/uploads\/VID-20240413-WA00001.mp4\"><\/video><\/figure>\n<\/div>\n<\/div>\n\n\n<div class=\"wp-block-image\">\n<figure class=\"aligncenter size-full is-resized\"><img loading=\"lazy\" decoding=\"async\" width=\"450\" height=\"450\" src=\"https:\/\/www.saint-amand-noyal-chatillon.fr\/wp-content\/uploads\/2025_CONCERT_QRCODE.png\" alt=\"\" class=\"wp-image-2355\" style=\"width:352px;height:auto\" srcset=\"https:\/\/www.saint-amand-noyal-chatillon.fr\/wp-content\/uploads\/2025_CONCERT_QRCODE.png 450w, https:\/\/www.saint-amand-noyal-chatillon.fr\/wp-content\/uploads\/2025_CONCERT_QRCODE-300x300.png 300w, https:\/\/www.saint-amand-noyal-chatillon.fr\/wp-content\/uploads\/2025_CONCERT_QRCODE-150x150.png 150w\" sizes=\"auto, (max-width: 450px) 100vw, 450px\" \/><\/figure>\n<\/div>\n\n\n<div class=\"wp-block-columns is-layout-flex wp-container-core-columns-is-layout-9d6595d7 wp-block-columns-is-layout-flex\">\n<div class=\"wp-block-column is-layout-flow wp-block-column-is-layout-flow\"><div class=\"wp-block-image\">\n<figure class=\"aligncenter size-large is-resized\"><img loading=\"lazy\" decoding=\"async\" width=\"779\" height=\"1024\" src=\"https:\/\/www.saint-amand-noyal-chatillon.fr\/wp-content\/uploads\/far35-logo-779x1024.png\" alt=\"\" class=\"wp-image-2314\" style=\"width:247px;height:auto\" srcset=\"https:\/\/www.saint-amand-noyal-chatillon.fr\/wp-content\/uploads\/far35-logo-779x1024.png 779w, https:\/\/www.saint-amand-noyal-chatillon.fr\/wp-content\/uploads\/far35-logo-228x300.png 228w, https:\/\/www.saint-amand-noyal-chatillon.fr\/wp-content\/uploads\/far35-logo-768x1010.png 768w, https:\/\/www.saint-amand-noyal-chatillon.fr\/wp-content\/uploads\/far35-logo.png 852w\" sizes=\"auto, (max-width: 779px) 100vw, 779px\" \/><\/figure>\n<\/div><\/div>\n\n\n\n<div class=\"wp-block-column is-layout-flow wp-block-column-is-layout-flow\"><div class=\"wp-block-image\">\n<figure class=\"aligncenter size-large is-resized\"><img loading=\"lazy\" decoding=\"async\" width=\"1024\" height=\"1019\" src=\"https:\/\/www.saint-amand-noyal-chatillon.fr\/wp-content\/uploads\/dj-dawen-logo-1024x1019.jpg\" alt=\"\" class=\"wp-image-2316\" style=\"width:281px;height:auto\" srcset=\"https:\/\/www.saint-amand-noyal-chatillon.fr\/wp-content\/uploads\/dj-dawen-logo-1024x1019.jpg 1024w, https:\/\/www.saint-amand-noyal-chatillon.fr\/wp-content\/uploads\/dj-dawen-logo-300x300.jpg 300w, https:\/\/www.saint-amand-noyal-chatillon.fr\/wp-content\/uploads\/dj-dawen-logo-150x150.jpg 150w, https:\/\/www.saint-amand-noyal-chatillon.fr\/wp-content\/uploads\/dj-dawen-logo-768x764.jpg 768w, https:\/\/www.saint-amand-noyal-chatillon.fr\/wp-content\/uploads\/dj-dawen-logo.jpg 1080w\" sizes=\"auto, (max-width: 1024px) 100vw, 1024px\" \/><\/figure>\n<\/div><\/div>\n<\/div>\n\n\n\nngg_shortcode_0_placeholder\n\n\n\n<p><em>Un grand MERCI \u00e0 nos partenaires qui soutiennent l\u2019organisation de notre soir\u00e9e musicale<\/em>.<\/p>\n\n\n\n<p>Cliquez sur le lien pour les d\u00e9couvrir : <a href=\"https:\/\/www.saint-amand-noyal-chatillon.fr\/index.php\/partenaires\/\" target=\"_blank\" rel=\"noreferrer noopener\">PARTENAIRES<\/a><\/p>\n","protected":false},"excerpt":{"rendered":"<p>CONCERT en PLEIN AIR Le Samedi 17 mai 2025 \u00e0 partir de 17h derri\u00e8re l\u2019espace Jeunes AZIMUT (rue Xavier Grall) Reprises de Hits Rock et Pop Rock avec PROGRAMMATION du Samedi 17 mai 2025 A partir de 17h : D\u00e9marrage &hellip; <a href=\"https:\/\/www.saint-amand-noyal-chatillon.fr\/index.php\/soiree-a-theme\/\">Continuer la lecture <span class=\"meta-nav\">&rarr;<\/span><\/a><\/p>\n","protected":false},"author":1,"featured_media":0,"parent":0,"menu_order":0,"comment_status":"closed","ping_status":"closed","template":"","meta":{"ngg_post_thumbnail":0,"footnotes":""},"class_list":["post-203","page","type-page","status-publish","hentry"],"_links":{"self":[{"href":"https:\/\/www.saint-amand-noyal-chatillon.fr\/index.php\/wp-json\/wp\/v2\/pages\/203","targetHints":{"allow":["GET"]}}],"collection":[{"href":"https:\/\/www.saint-amand-noyal-chatillon.fr\/index.php\/wp-json\/wp\/v2\/pages"}],"about":[{"href":"https:\/\/www.saint-amand-noyal-chatillon.fr\/index.php\/wp-json\/wp\/v2\/types\/page"}],"author":[{"embeddable":true,"href":"https:\/\/www.saint-amand-noyal-chatillon.fr\/index.php\/wp-json\/wp\/v2\/users\/1"}],"replies":[{"embeddable":true,"href":"https:\/\/www.saint-amand-noyal-chatillon.fr\/index.php\/wp-json\/wp\/v2\/comments?post=203"}],"version-history":[{"count":141,"href":"https:\/\/www.saint-amand-noyal-chatillon.fr\/index.php\/wp-json\/wp\/v2\/pages\/203\/revisions"}],"predecessor-version":[{"id":2356,"href":"https:\/\/www.saint-amand-noyal-chatillon.fr\/index.php\/wp-json\/wp\/v2\/pages\/203\/revisions\/2356"}],"wp:attachment":[{"href":"https:\/\/www.saint-amand-noyal-chatillon.fr\/index.php\/wp-json\/wp\/v2\/media?parent=203"}],"curies":[{"name":"wp","href":"https:\/\/api.w.org\/{rel}","templated":true}]}}

Soirée musicale

<figure class="wp-block-image size-full"><img loading="lazy" decoding="async" width="800" height="295" src="https://www.saint-amand-noyal-chatillon.fr/wp-content/uploads/Affiche.jpg" alt="" class="wp-image-2120" srcset="https://www.saint-amand-noyal-chatillon.fr/wp-content/uploads/Affiche.jpg 800w, https://www.saint-amand-noyal-chatillon.fr/wp-content/uploads/Affiche-300x111.jpg 300w, https://www.saint-amand-noyal-chatillon.fr/wp-content/uploads/Affiche-768x283.jpg 768w" sizes="auto, (max-width: 800px) 100vw, 800px" /></figure>



<h1 style="text-align: center;"><span style="color: #ff0000;"><strong>CONCERT en PLEIN AIR</strong></span></h1>
<h2 style="text-align: center;"><strong>Le Samedi 17 mai 2025 à partir de 17h</strong></h2>
<h3 style="text-align: center;">derrière l’espace Jeunes AZIMUT (rue Xavier Grall)</h3>
<h2 style="text-align: center;"><strong>Reprises de Hits Rock et Pop Rock </strong>avec</h2>


<div class="wp-block-image">
<figure class="aligncenter size-large is-resized"><a href="https://www.facebook.com/pempsofficiel/" target="_blank" rel=" noreferrer noopener"><img loading="lazy" decoding="async" width="1024" height="353" src="https://www.saint-amand-noyal-chatillon.fr/wp-content/uploads/Logo-Pemps_noir-1024x353.png" alt="" class="wp-image-2312" style="width:415px;height:auto" srcset="https://www.saint-amand-noyal-chatillon.fr/wp-content/uploads/Logo-Pemps_noir-1024x353.png 1024w, https://www.saint-amand-noyal-chatillon.fr/wp-content/uploads/Logo-Pemps_noir-300x104.png 300w, https://www.saint-amand-noyal-chatillon.fr/wp-content/uploads/Logo-Pemps_noir-768x265.png 768w, https://www.saint-amand-noyal-chatillon.fr/wp-content/uploads/Logo-Pemps_noir-1536x530.png 1536w, https://www.saint-amand-noyal-chatillon.fr/wp-content/uploads/Logo-Pemps_noir-2048x707.png 2048w" sizes="auto, (max-width: 1024px) 100vw, 1024px" /></a></figure>
</div>


<div class="wp-block-columns is-layout-flex wp-container-core-columns-is-layout-9d6595d7 wp-block-columns-is-layout-flex">
<div class="wp-block-column is-layout-flow wp-block-column-is-layout-flow">
<figure class="wp-block-image size-full"><a href="https://www.saint-amand-noyal-chatillon.fr/index.php/groupe-pemps/" target="_blank" rel="noreferrer noopener"><img loading="lazy" decoding="async" width="694" height="483" src="https://www.saint-amand-noyal-chatillon.fr/wp-content/uploads/PEMPS-2.jpg" alt="" class="wp-image-2104" srcset="https://www.saint-amand-noyal-chatillon.fr/wp-content/uploads/PEMPS-2.jpg 694w, https://www.saint-amand-noyal-chatillon.fr/wp-content/uploads/PEMPS-2-300x209.jpg 300w" sizes="auto, (max-width: 694px) 100vw, 694px" /></a></figure>
</div>
</div>


<div class="wp-block-image">
<figure class="aligncenter size-full is-resized"><a href="https://www.saint-amand-noyal-chatillon.fr/wp-content/uploads/2025_-AFFICHE_CONCERT_-PEMPS-1-scaled.png" target="_blank" rel=" noreferrer noopener"><img decoding="async" src="https://www.saint-amand-noyal-chatillon.fr/wp-content/uploads/2025_-AFFICHE_CONCERT_-PEMPS.png" alt="" class="wp-image-2325" style="width:349px;height:auto"/></a></figure>
</div>

<h2 style="text-align: center;"><span style="color: #ff0000;"><strong>PROGRAMMATION du Samedi 17 mai 2025<em><img loading="lazy" decoding="async" class="aligncenter size-thumbnail wp-image-2325" src="https://www.saint-amand-noyal-chatillon.fr/wp-content/uploads/2025_-AFFICHE_CONCERT_-PEMPS.png" alt="" width="1" height="1"></em></strong></span><a href="https://www.saint-amand-noyal-chatillon.fr/wp-content/uploads/2025_-AFFICHE_CONCERT_-PEMPS.png"><img loading="lazy" decoding="async" class="aligncenter size-thumbnail wp-image-2325" src="https://www.saint-amand-noyal-chatillon.fr/wp-content/uploads/2025_-AFFICHE_CONCERT_-PEMPS.png" alt="" width="1" height="1"></a></h2>


<div class="wp-block-columns is-layout-flex wp-container-core-columns-is-layout-9d6595d7 wp-block-columns-is-layout-flex">
<div class="wp-block-column is-layout-flow wp-block-column-is-layout-flow" style="flex-basis:66.66%">
<figure class="wp-block-table"><table><tbody><tr><td>A <em>partir de</em><strong> 17h : Démarrage de la soirée<br>Lancement des différents ateliers : château gonflable / maquillage / pêche à la ligne /&nbsp;Jeu « La Roue des risques domestiques » (pompiers solidaires)</strong></td><td>﻿</td></tr><tr><td><strong>18h30 : Initiations Danse Tahitienne</strong> avec<strong> <a href="http://tahitienfrance.free.fr/associations/assosculturelles/vaima_ori.htm" target="_blank" rel="noreferrer noopener">Vaima Ori</a></strong><em>(inscription sur le stand)</em></td><td>﻿</td></tr><tr><td><strong>19h : Démonstration de combat sportif au sabre laser (<a href="https://forceacademyrennes.com/" data-type="link" data-id="https://forceacademyrennes.com/" target="_blank" rel="noreferrer noopener">force academy rennes</a>)</strong></td><td>﻿</td></tr><tr><td><strong>19h45 &#8211; 21h : <a href="https://www.facebook.com/pempsofficiel/" data-type="link" data-id="https://www.facebook.com/pempsofficiel/" target="_blank" rel="noreferrer noopener">Concert Pemp&rsquo;s</a></strong></td><td>﻿</td></tr><tr><td><strong>21h&nbsp;: Démonstration de danse tahitienne (<a href="http://tahitienfrance.free.fr/associations/assosculturelles/vaima_ori.htm" data-type="link" data-id="http://tahitienfrance.free.fr/associations/assosculturelles/vaima_ori.htm">Vaïma Ori</a>)</strong></td><td>﻿</td></tr><tr><td><strong>21h15 : <strong>Démonstration de combat sportif au sabre laser (<a href="https://forceacademyrennes.com/" data-type="link" data-id="https://forceacademyrennes.com/" target="_blank" rel="noreferrer noopener">force academy rennes</a>)</strong></strong></td><td>﻿</td></tr><tr><td><strong>21h30 – 22h30 : <a href="https://www.facebook.com/pempsofficiel/" data-type="link" data-id="https://www.facebook.com/pempsofficiel/" target="_blank" rel="noreferrer noopener">Concert Pemp&rsquo;s</a></strong></td><td>﻿</td></tr><tr><td><strong>22h30 23h30: DJ DAWEN</strong></td></tr></tbody></table></figure>
</div>



<div class="wp-block-column is-layout-flow wp-block-column-is-layout-flow" style="flex-basis:33.33%">
<figure class="wp-block-image size-full"><a href="https://www.saint-amand-noyal-chatillon.fr/wp-content/uploads/VID-20240413-WA00001.mp4" target="_blank" rel="noreferrer noopener"><img loading="lazy" decoding="async" width="244" height="461" src="https://www.saint-amand-noyal-chatillon.fr/wp-content/uploads/danse.png" alt="" class="wp-image-2113" srcset="https://www.saint-amand-noyal-chatillon.fr/wp-content/uploads/danse.png 244w, https://www.saint-amand-noyal-chatillon.fr/wp-content/uploads/danse-159x300.png 159w" sizes="auto, (max-width: 244px) 100vw, 244px" /></a></figure>



<figure class="wp-block-video"><video height="480" style="aspect-ratio: 848 / 480;" width="848" controls src="https://www.saint-amand-noyal-chatillon.fr/wp-content/uploads/VID-20240413-WA00001.mp4"></video></figure>
</div>
</div>


<div class="wp-block-image">
<figure class="aligncenter size-full is-resized"><img loading="lazy" decoding="async" width="450" height="450" src="https://www.saint-amand-noyal-chatillon.fr/wp-content/uploads/2025_CONCERT_QRCODE.png" alt="" class="wp-image-2355" style="width:352px;height:auto" srcset="https://www.saint-amand-noyal-chatillon.fr/wp-content/uploads/2025_CONCERT_QRCODE.png 450w, https://www.saint-amand-noyal-chatillon.fr/wp-content/uploads/2025_CONCERT_QRCODE-300x300.png 300w, https://www.saint-amand-noyal-chatillon.fr/wp-content/uploads/2025_CONCERT_QRCODE-150x150.png 150w" sizes="auto, (max-width: 450px) 100vw, 450px" /></figure>
</div>


<div class="wp-block-columns is-layout-flex wp-container-core-columns-is-layout-9d6595d7 wp-block-columns-is-layout-flex">
<div class="wp-block-column is-layout-flow wp-block-column-is-layout-flow"><div class="wp-block-image">
<figure class="aligncenter size-large is-resized"><img loading="lazy" decoding="async" width="779" height="1024" src="https://www.saint-amand-noyal-chatillon.fr/wp-content/uploads/far35-logo-779x1024.png" alt="" class="wp-image-2314" style="width:247px;height:auto" srcset="https://www.saint-amand-noyal-chatillon.fr/wp-content/uploads/far35-logo-779x1024.png 779w, https://www.saint-amand-noyal-chatillon.fr/wp-content/uploads/far35-logo-228x300.png 228w, https://www.saint-amand-noyal-chatillon.fr/wp-content/uploads/far35-logo-768x1010.png 768w, https://www.saint-amand-noyal-chatillon.fr/wp-content/uploads/far35-logo.png 852w" sizes="auto, (max-width: 779px) 100vw, 779px" /></figure>
</div></div>



<div class="wp-block-column is-layout-flow wp-block-column-is-layout-flow"><div class="wp-block-image">
<figure class="aligncenter size-large is-resized"><img loading="lazy" decoding="async" width="1024" height="1019" src="https://www.saint-amand-noyal-chatillon.fr/wp-content/uploads/dj-dawen-logo-1024x1019.jpg" alt="" class="wp-image-2316" style="width:281px;height:auto" srcset="https://www.saint-amand-noyal-chatillon.fr/wp-content/uploads/dj-dawen-logo-1024x1019.jpg 1024w, https://www.saint-amand-noyal-chatillon.fr/wp-content/uploads/dj-dawen-logo-300x300.jpg 300w, https://www.saint-amand-noyal-chatillon.fr/wp-content/uploads/dj-dawen-logo-150x150.jpg 150w, https://www.saint-amand-noyal-chatillon.fr/wp-content/uploads/dj-dawen-logo-768x764.jpg 768w, https://www.saint-amand-noyal-chatillon.fr/wp-content/uploads/dj-dawen-logo.jpg 1080w" sizes="auto, (max-width: 1024px) 100vw, 1024px" /></figure>
</div></div>
</div>



ngg_shortcode_0_placeholder



<p><em>Un grand MERCI à nos partenaires qui soutiennent l’organisation de notre soirée musicale</em>.</p>



<p>Cliquez sur le lien pour les découvrir : <a href="https://www.saint-amand-noyal-chatillon.fr/index.php/partenaires/" target="_blank" rel="noreferrer noopener">PARTENAIRES</a></p>

<p>CONCERT en PLEIN AIR Le Samedi 17 mai 2025 à partir de 17h derrière l’espace Jeunes AZIMUT (rue Xavier Grall) Reprises de Hits Rock et Pop Rock avec PROGRAMMATION du Samedi 17 mai 2025 A partir de 17h : Démarrage &hellip; <a href="https://www.saint-amand-noyal-chatillon.fr/index.php/soiree-a-theme/">Continuer la lecture <span class="meta-nav">&rarr;</span></a></p>
