{"id":186,"date":"2016-11-21T23:25:28","date_gmt":"2016-11-21T22:25:28","guid":{"rendered":"http:\/\/www.saint-amand-noyal-chatillon.fr\/?page_id=186"},"modified":"2024-10-30T22:04:11","modified_gmt":"2024-10-30T21:04:11","slug":"cap-rentree-2016","status":"publish","type":"page","link":"https:\/\/www.saint-amand-noyal-chatillon.fr\/index.php\/cap-rentree-2016\/","title":{"rendered":"Cap Actions"},"content":{"rendered":"<p>Cap Rentr\u00e9e change de nom et devient <strong>CapActions.<\/strong> Il s&rsquo;agit d&rsquo;une commission de l&rsquo;OGEC \u0153uvrant \u00e0 organiser des actions au profit de l&rsquo;\u00e9cole afin de r\u00e9colter des fonds pour financer l&rsquo;am\u00e9lioration des conditions de travail des \u00e9l\u00e8ves (\u00e9quipement num\u00e9rique, mobilier, structures de jeux&#8230;)<\/p>\n<p>Gr\u00e2ce \u00e0 l\u2019implication des parents et des membres de cette commission, plusieurs \u00e9v\u00e9nements sont organis\u00e9s chaque ann\u00e9e scolaire:<\/p>\n<ul>\n<li><a href=\"https:\/\/www.saint-amand-noyal-chatillon.fr\/index.php\/loto\/\">Loto<\/a>&nbsp;<\/li>\n<li><a href=\"https:\/\/www.saint-amand-noyal-chatillon.fr\/index.php\/vente-de-jus-de-pomme\/\">Jus de pomme<\/a>&nbsp;<\/li>\n<li><a href=\"https:\/\/www.saint-amand-noyal-chatillon.fr\/index.php\/soiree-a-theme\/\">Soir\u00e9e musicale<\/a><\/li>\n<\/ul>\n<p>Nous avons aussi nos&nbsp;<a href=\"https:\/\/www.saint-amand-noyal-chatillon.fr\/index.php\/partenaires\/\">PARTENAIRES<\/a> qui nous soutiennent et apportent leur contribution.&nbsp;&nbsp;<\/p>\n<p>La commission CapActions est toujours \u00e0 l&rsquo;\u00e9coute de nouvelles id\u00e9es et propositions pour \u00e9largir ses champs d&rsquo;actions. Les membres se renouvellent \u00e9galement r\u00e9guli\u00e8rement donc n&rsquo;h\u00e9sitez pas \u00e0 venir les rencontrer lors des diff\u00e9rents \u00e9v\u00e9nements qu&rsquo;ils animent tout au long de l&rsquo;ann\u00e9e scolaire et \u00e0 int\u00e9grer cette commission !<\/p>\n\n","protected":false},"excerpt":{"rendered":"<p>Cap Rentr\u00e9e change de nom et devient CapActions. Il s&rsquo;agit d&rsquo;une commission de l&rsquo;OGEC \u0153uvrant \u00e0 organiser des actions au profit de l&rsquo;\u00e9cole afin de r\u00e9colter des fonds pour financer l&rsquo;am\u00e9lioration des conditions de travail des \u00e9l\u00e8ves (\u00e9quipement num\u00e9rique, mobilier, &hellip; <a href=\"https:\/\/www.saint-amand-noyal-chatillon.fr\/index.php\/cap-rentree-2016\/\">Continuer la lecture <span class=\"meta-nav\">&rarr;<\/span><\/a><\/p>\n","protected":false},"author":1,"featured_media":0,"parent":0,"menu_order":0,"comment_status":"closed","ping_status":"closed","template":"","meta":{"ngg_post_thumbnail":0,"footnotes":""},"class_list":["post-186","page","type-page","status-publish","hentry"],"_links":{"self":[{"href":"https:\/\/www.saint-amand-noyal-chatillon.fr\/index.php\/wp-json\/wp\/v2\/pages\/186","targetHints":{"allow":["GET"]}}],"collection":[{"href":"https:\/\/www.saint-amand-noyal-chatillon.fr\/index.php\/wp-json\/wp\/v2\/pages"}],"about":[{"href":"https:\/\/www.saint-amand-noyal-chatillon.fr\/index.php\/wp-json\/wp\/v2\/types\/page"}],"author":[{"embeddable":true,"href":"https:\/\/www.saint-amand-noyal-chatillon.fr\/index.php\/wp-json\/wp\/v2\/users\/1"}],"replies":[{"embeddable":true,"href":"https:\/\/www.saint-amand-noyal-chatillon.fr\/index.php\/wp-json\/wp\/v2\/comments?post=186"}],"version-history":[{"count":12,"href":"https:\/\/www.saint-amand-noyal-chatillon.fr\/index.php\/wp-json\/wp\/v2\/pages\/186\/revisions"}],"predecessor-version":[{"id":2277,"href":"https:\/\/www.saint-amand-noyal-chatillon.fr\/index.php\/wp-json\/wp\/v2\/pages\/186\/revisions\/2277"}],"wp:attachment":[{"href":"https:\/\/www.saint-amand-noyal-chatillon.fr\/index.php\/wp-json\/wp\/v2\/media?parent=186"}],"curies":[{"name":"wp","href":"https:\/\/api.w.org\/{rel}","templated":true}]}}