{"id":181,"date":"2016-11-21T23:19:39","date_gmt":"2016-11-21T22:19:39","guid":{"rendered":"http:\/\/www.saint-amand-noyal-chatillon.fr\/?page_id=181"},"modified":"2025-10-10T22:15:50","modified_gmt":"2025-10-10T20:15:50","slug":"apel","status":"publish","type":"page","link":"https:\/\/www.saint-amand-noyal-chatillon.fr\/index.php\/apel\/","title":{"rendered":"L&rsquo;APEL"},"content":{"rendered":"<p style=\"text-align: justify;\">L\u2019APEL est une association constitu\u00e9e d\u2019une \u00e9quipe de parents d\u2019\u00e9l\u00e8ves b\u00e9n\u00e9voles et du Chef d\u2019\u00c9tablissement.<\/p>\n<p style=\"text-align: justify;\">Tous les parents peuvent se joindre \u00e0 cette association dont le but premier est d\u2019am\u00e9liorer le quotidien de nos enfants et pr\u00e9parer les grands \u00e9v\u00e9nements de l\u2019\u00e9cole. De fa\u00e7on r\u00e9guli\u00e8re ou ponctuelle, toute participation \u00e0 la vie de l\u2019\u00e9cole est tr\u00e8s appr\u00e9ci\u00e9e!<\/p>\n<p style=\"text-align: justify;\">Nous nous r\u00e9unissons une fois par mois, \u00e0 l\u2019\u00e9cole, afin d\u2019\u00e9changer sur la vie g\u00e9n\u00e9rale de l\u2019\u00e9cole (organisation, activit\u00e9s, projet \u00e9ducatif\u2026). Ces r\u00e9unions sont ouvertes \u00e0 tous les parents qui le souhaitent et elles sont sans obligation.<\/p>\n<p style=\"text-align: justify;\">Les b\u00e9n\u00e9fices r\u00e9alis\u00e9s lors des diff\u00e9rentes actions men\u00e9es par l\u2019APEL permettent d\u2019am\u00e9liorer le quotidien de nos enfants. Ainsi, nous avons pu r\u00e9aliser quelques projets:<\/p>\n<ul>\n<li style=\"text-align: justify;\">Am\u00e9nagement des cours de r\u00e9cr\u00e9ation<\/li>\n<li style=\"text-align: justify;\">Achats de bancs et mobiliers pour les classes de maternelles<\/li>\n<li style=\"text-align: justify;\">Participation financi\u00e8re aux sorties scolaires de fin d\u2019ann\u00e9e<\/li>\n<li style=\"text-align: justify;\">Abonnement de revues pour les classes<\/li>\n<li style=\"text-align: justify;\">\u2026<\/li>\n<\/ul>\n<p>Quelle est notre mission?<\/p>\n<ul>\n<li><b>Accueille<\/b> et <b>repr\u00e9sente<\/b> les familles aupr\u00e8s de la direction, de la municipalit\u00e9,<\/li>\n<li>Participe \u00e0 la vie de l\u2019\u00e9cole en terme d\u2019<b>animation<\/b>.<\/li>\n<li>Les b\u00e9n\u00e9fices servent \u00e0 r\u00e9duire le co\u00fbt des sorties scolaires, soutenir les projets p\u00e9dagogiques\u2026<\/li>\n<li><b>Accompagne<\/b> les familles dans leur mission \u00e9ducative\u2026<\/li>\n<\/ul>\n<p>Quelles sont nos activit\u00e9s?<\/p>\n<ul>\n<li>organisation de l\u2019arbre de No\u00ebl<\/li>\n<li>organisation de la kermesse de fin d&rsquo;ann\u00e9e<\/li>\n<li>aide au financement des voyages et sorties<\/li>\n<li>organisation de ventes tout au long de l&rsquo;ann\u00e9e<\/li>\n<li>&#8230;<\/li>\n<\/ul>\n","protected":false},"excerpt":{"rendered":"<p>L\u2019APEL est une association constitu\u00e9e d\u2019une \u00e9quipe de parents d\u2019\u00e9l\u00e8ves b\u00e9n\u00e9voles et du Chef d\u2019\u00c9tablissement. Tous les parents peuvent se joindre \u00e0 cette association dont le but premier est d\u2019am\u00e9liorer le quotidien de nos enfants et pr\u00e9parer les grands \u00e9v\u00e9nements &hellip; <a href=\"https:\/\/www.saint-amand-noyal-chatillon.fr\/index.php\/apel\/\">Continuer la lecture <span class=\"meta-nav\">&rarr;<\/span><\/a><\/p>\n","protected":false},"author":1,"featured_media":0,"parent":0,"menu_order":0,"comment_status":"closed","ping_status":"closed","template":"","meta":{"ngg_post_thumbnail":0,"footnotes":""},"class_list":["post-181","page","type-page","status-publish","hentry"],"_links":{"self":[{"href":"https:\/\/www.saint-amand-noyal-chatillon.fr\/index.php\/wp-json\/wp\/v2\/pages\/181","targetHints":{"allow":["GET"]}}],"collection":[{"href":"https:\/\/www.saint-amand-noyal-chatillon.fr\/index.php\/wp-json\/wp\/v2\/pages"}],"about":[{"href":"https:\/\/www.saint-amand-noyal-chatillon.fr\/index.php\/wp-json\/wp\/v2\/types\/page"}],"author":[{"embeddable":true,"href":"https:\/\/www.saint-amand-noyal-chatillon.fr\/index.php\/wp-json\/wp\/v2\/users\/1"}],"replies":[{"embeddable":true,"href":"https:\/\/www.saint-amand-noyal-chatillon.fr\/index.php\/wp-json\/wp\/v2\/comments?post=181"}],"version-history":[{"count":10,"href":"https:\/\/www.saint-amand-noyal-chatillon.fr\/index.php\/wp-json\/wp\/v2\/pages\/181\/revisions"}],"predecessor-version":[{"id":2387,"href":"https:\/\/www.saint-amand-noyal-chatillon.fr\/index.php\/wp-json\/wp\/v2\/pages\/181\/revisions\/2387"}],"wp:attachment":[{"href":"https:\/\/www.saint-amand-noyal-chatillon.fr\/index.php\/wp-json\/wp\/v2\/media?parent=181"}],"curies":[{"name":"wp","href":"https:\/\/api.w.org\/{rel}","templated":true}]}}